r when 1459 is divided by 86?
83
Calculate the remainder when 90 is divided by 13.
12
What is the remainder when 244 is divided by 167?
77
What is the remainder when 69 is divided by 10?
9
What is the remainder when 891 is divided by 77?
44
What is the remainder when 207 is divided by 16?
15
What is the remainder when 16567 is divided by 259?
250
Calculate the remainder when 206 is divided by 76.
54
What is the remainder when 117 is divided by 17?
15
What is the remainder when 89 is divided by 30?
29
What is the remainder when 377 is divided by 65?
52
Calculate the remainder when 317 is divided by 22.
9
What is the remainder when 790 is divided by 11?
9
Calculate the remainder when 1566 is divided by 45.
36
Calculate the remainder when 498 is divided by 23.
15
What is the remainder when 1258 is divided by 12?
10
Calculate the remainder when 609 is divided by 51.
48
What is the remainder when 30 is divided by 17?
13
What is the remainder when 251 is divided by 7?
6
Calculate the remainder when 2438 is divided by 74.
70
What is the remainder when 4230 is divided by 11?
6
What is the remainder when 3236 is divided by 83?
82
Calculate the remainder when 196 is divided by 50.
46
What is the remainder when 712 is divided by 17?
15
Calculate the remainder when 8692 is divided by 3.
1
Calculate the remainder when 178 is divided by 21.
10
What is the remainder when 490 is divided by 126?
112
What is the remainder when 1932 is divided by 946?
40
What is the remainder when 410 is divided by 16?
10
Calculate the remainder when 219 is divided by 15.
9
Calculate the remainder when 2157 is divided by 269.
5
Calculate the remainder when 831 is divided by 145.
106
Calculate the remainder when 77 is divided by 9.
5
Calculate the remainder when 427 is divided by 27.
22
Calculate the remainder when 1721 is divided by 42.
41
What is the remainder when 40 is divided by 21?
19
Calculate the remainder when 131 is divided by 22.
21
Calculate the remainder when 56 is divided by 33.
23
What is the remainder when 37 is divided by 3?
1
Calculate the remainder when 765 is divided by 13.
11
Calculate the remainder when 650 is divided by 109.
105
What is the remainder when 527 is divided by 22?
21
Calculate the remainder when 1266 is divided by 203.
48
Calculate the remainder when 4181 is divided by 6.
5
Calculate the remainder when 1082 is divided by 82.
16
What is the remainder when 7188 is divided by 9?
6
What is the remainder when 30 is divided by 4?
2
Calculate the remainder when 3642 is divided by 31.
15
Calculate the remainder when 50 is divided by 13.
11
Calculate the remainder when 7618 is divided by 30.
28
What is the remainder when 31 is divided by 4?
3
Calculate the remainder when 67 is divided by 29.
9
Calculate the remainder when 11 is divided by 4.
3
What is the remainder when 3298 is divided by 12?
10
What is the remainder when 1656 is divided by 83?
79
Calculate the remainder when 937 is divided by 21.
13
Calculate the remainder when 2628 is divided by 146.
0
What is the remainder when 20661 is divided by 41?
38
What is the remainder when 119 is divided by 4?
3
Calculate the remainder when 1612 is divided by 320.
12
Calculate the remainder when 15 is divided by 6.
3
What is the remainder when 1097 is divided by 44?
41
Calculate the remainder when 484 is divided by 8.
4
What is the remainder when 972 is divided by 37?
10
Calculate the remainder when 2531 is divided by 284.
259
Calculate the remainder when 2082 is divided by 15.
12
Calculate the remainder when 19 is divided by 15.
4
Calculate the remainder when 327 is divided by 119.
89
What is the remainder when 546 is divided by 144?
114
Calculate the remainder when 344 is divided by 31.
3
Calculate the remainder when 272 is divided by 26.
12
Calculate the remainder when 394 is divided by 99.
97
Calculate the remainder when 168 is divided by 26.
12
What is the remainder when 1852 is divided by 109?
108
What is the remainder when 56 is divided by 5?
1
What is the remainder when 466 is divided by 56?
18
Calculate the remainder when 133 is divided by 12.
1
Calculate the remainder when 4637 is divided by 6.
5
Calculate the remainder when 218 is divided by 21.
8
Calculate the remainder when 28 is divided by 8.
4
Calculate the remainder when 499 is divided by 72.
67
Calculate the remainder when 682 is divided by 98.
94
What is the remainder when 2079 is divided by 67?
2
Calculate the remainder when 1017 is divided by 338.
3
Calculate the remainder when 313 is divided by 21.
19
What is the remainder when 2317 is divided by 35?
7
What is the remainder when 2227 is divided by 23?
19
Calculate the remainder when 60 is divided by 38.
22
What is the remainder when 96 is divided by 41?
14
Calculate the remainder when 173 is divided by 4.
1
What is the remainder when 800 is divided by 12?
8
What is the remainder when 806 is divided by 135?
131
Calculate the remainder when 460 is divided by 117.
109
Calculate the remainder when 1649 is divided by 25.
24
Calculate the remainder when 38 is divided by 2.
0
Calculate the remainder when 132 is divided by 96.
36
What is the remainder when 80 is divided by 23?
11
Calculate the remainder when 1217 is divided by 45.
2
What is the remainder when 45 is divided by 17?
11
Calculate the remainder when 1930 is divided by 161.
159
What is the remainder when 2787 is divided by 164?
163
What is the remainder when 7045 is divided by 81?
79
Calculate the remainder when 207 is divided by 53.
48
What is the remainder when 338 is divided by 171?
167
Calculate the remainder when 134 is divided by 44.
2
Calculate the remainder when 2361 is divided by 17.
15
Calculate the remainder when 7722 is divided by 16.
10
Calculate the remainder when 198 is divided by 59.
21
What is the remainder when 481 is divided by 42?
19
Calculate the remainder when 151 is divided by 48.
7
What is the remainder when 1904 is divided by 106?
102
What is the remainder when 124 is divided by 7?
5
Calculate the remainder when 87 is divided by 19.
11
Calculate the remainder when 299 is divided by 78.
65
Calculate the remainder when 48 is divided by 8.
0
What is the remainder when 323 is divided by 36?
35
What is the remainder when 1102 is divided by 14?
10
Calculate the remainder when 104 is divided by 37.
30
Calculate the remainder when 72 is divided by 13.
7
Calculate the remainder when 5022 is divided by 1255.
2
What is the remainder when 2413 is divided by 47?
16
Calculate the remainder when 371 is divided by 124.
123
What is the remainder when 340 is divided by 133?
74
Calculate the remainder when 507 is divided by 64.
59
What is the remainder when 1055 is divided by 8?
7
Calculate the remainder when 265 is divided by 87.
4
Calculate the remainder when 258 is divided by 12.
6
What is the remainder when 497 is divided by 20?
17
What is the remainder when 265 is divided by 14?
13
Calculate the remainder when 1980 is divided by 96.
60
Calculate the remainder when 330 is divided by 185.
145
What is the remainder when 1341 is divided by 84?
81
Calculate the remainder when 58 is divided by 14.
2
What is the remainder when 4418 is divided by 54?
44
What is the remainder when 517 is divided by 126?
13
Calculate the remainder when 32356 is divided by 131.
130
Calculate the remainder when 16638 is divided by 130.
128
Calculate the remainder when 3284 is divided by 53.
51
What is the remainder when 663 is divided by 48?
39
Calculate the remainder when 590 is divided by 58.
10
Calculate the remainder when 904 is divided by 182.
176
Calculate the remainder when 16 is divided by 10.
6
What is the remainder when 321 is divided by 19?
17
Calculate the remainder when 1465 is divided by 481.
22
Calculate the remainder when 1507 is divided by 89.
83
What is the remainder when 4282 is divided by 18?
16
What is the remainder when 224 is divided by 162?
62
What is the remainder when 67 is divided by 26?
15
What is the remainder when 31 is divided by 11?
9
What is the remainder when 3180 is divided by 43?
41
What is the remainder when 107 is divided by 28?
23
What is the remainder when 221 is divided by 87?
47
Calculate the remainder when 98 is divided by 75.
23
Calculate the remainder when 644 is divided by 72.
68
What is the remainder w